{"id":334,"date":"2019-10-15T20:19:33","date_gmt":"2019-10-15T18:19:33","guid":{"rendered":"http:\/\/oliverbehr.de\/dielinke\/vag365\/?page_id=334"},"modified":"2023-10-02T20:50:19","modified_gmt":"2023-10-02T18:50:19","slug":"impressum","status":"publish","type":"page","link":"https:\/\/wohnraum-erhalten.de\/?page_id=334","title":{"rendered":"Impressum"},"content":{"rendered":"\t\t<div data-elementor-type=\"wp-page\" data-elementor-id=\"334\" class=\"elementor elementor-334\">\n\t\t\t\t\t\t<section class=\"elementor-section elementor-top-section elementor-element elementor-element-28b1542 elementor-section-boxed elementor-section-height-default elementor-section-height-default\" data-id=\"28b1542\" data-element_type=\"section\" data-e-type=\"section\">\n\t\t\t\t\t\t<div class=\"elementor-container elementor-column-gap-default\">\n\t\t\t\t\t<div class=\"elementor-column elementor-col-100 elementor-top-column elementor-element elementor-element-f393db9\" data-id=\"f393db9\" data-element_type=\"column\" data-e-type=\"column\">\n\t\t\t<div class=\"elementor-widget-wrap elementor-element-populated\">\n\t\t\t\t\t\t<div class=\"elementor-element elementor-element-a331672 elementor-widget elementor-widget-heading\" data-id=\"a331672\" data-element_type=\"widget\" data-e-type=\"widget\" data-widget_type=\"heading.default\">\n\t\t\t\t<div class=\"elementor-widget-container\">\n\t\t\t\t\t<h2 class=\"elementor-heading-title elementor-size-default\">Impressum<\/h2>\t\t\t\t<\/div>\n\t\t\t\t<\/div>\n\t\t\t\t\t<\/div>\n\t\t<\/div>\n\t\t\t\t\t<\/div>\n\t\t<\/section>\n\t\t\t\t<section class=\"elementor-section elementor-top-section elementor-element elementor-element-0b07bf7 elementor-section-boxed elementor-section-height-default elementor-section-height-default\" data-id=\"0b07bf7\" data-element_type=\"section\" data-e-type=\"section\">\n\t\t\t\t\t\t<div class=\"elementor-container elementor-column-gap-default\">\n\t\t\t\t\t<div class=\"elementor-column elementor-col-100 elementor-top-column elementor-element elementor-element-f3375af\" data-id=\"f3375af\" data-element_type=\"column\" data-e-type=\"column\">\n\t\t\t<div class=\"elementor-widget-wrap elementor-element-populated\">\n\t\t\t\t\t\t<div class=\"elementor-element elementor-element-9a5b729 elementor-widget elementor-widget-text-editor\" data-id=\"9a5b729\" data-element_type=\"widget\" data-e-type=\"widget\" data-widget_type=\"text-editor.default\">\n\t\t\t\t<div class=\"elementor-widget-container\">\n\t\t\t\t\t\t\t\t\t<p>V. i. S. d. P.&nbsp;<\/p>\n<p>Gunther Geiler | c\/o Deutscher Mieterbund N\u00fcrnberg und Umgebung e.V.<br><span style=\"font-size: 14px;\">Katholischer Kirchplatz 10<br><\/span>91054 Erlangen<\/p>\n<p>buergerbegehren@wohnraum-erhalten.de<\/p>\n<p><strong>Name und Anschrift der Tr\u00e4gerin:&nbsp;<br><\/strong>B\u00fcrgerbegehren Wohnraum in Hindenburgstar\u00dfe und Umgebung erhalten <br><span style=\"font-size: 14px;\">Katholischer Kirchplatz 10<br><\/span>91054 Erlangen<\/p>\n<p><strong>Als VertreterInnen gem\u00e4\u00df Art. 18a Abs.4 BayGO werden benannt:&nbsp;<\/strong><\/p>\n<p>1. Monika Fath-Kelling<br>2. Gunther Geiler<br>3. Lukas Eitel<\/p>\n<p><strong>Als StellvertreterInnen werden benannt:&nbsp;<\/strong><\/p>\n<p>1. Hans-Joachim Ehnes<br>2. Wolfgang Winkler<br>3. Johannes P\u00f6hlmann<\/p>\n<p>Die VertreterInnen werden erm\u00e4chtigt, zur Begr\u00fcndung der Zul\u00e4ssigkeit des B\u00fcrgerbegehrens \u00c4nderungen vorzunehmen, soweit diese nicht den Kern des Antrags ber\u00fchren, sowie das B\u00fcrgerbegehren bis zum Beginn der Versendung der Abstimmungsbenachrichtigungen gemeinschaftlich zur\u00fcckzunehmen. Sollten Teile des Begehrens unzul\u00e4ssig sein oder sich erledigen, so gilt meine Unterschrift weiterhin f\u00fcr die verbleibenden Teile.&nbsp;<\/p>\n<p><strong>Datenschutzhinweis:<\/strong> Ihre Daten werden nur f\u00fcr die Durchf\u00fchrung des B\u00fcrgerbegehrens entsprechend Art. 18a Bayerische Gemeindeordnung verwendet und vernichtet, sobald sie f\u00fcr das Verfahren nicht mehr ben\u00f6tigt werden. Die angegebenen Daten m\u00fcssen entsprechend Art. 18 (5) f\u00fcr das Verfahren des B\u00fcrgerbegehrens erhoben werden, um das Stimmrecht der Unterzeichnenden nachzuweisen.&nbsp;<\/p>\t\t\t\t\t\t\t\t<\/div>\n\t\t\t\t<\/div>\n\t\t\t\t\t<\/div>\n\t\t<\/div>\n\t\t\t\t\t<\/div>\n\t\t<\/section>\n\t\t\t\t<\/div>\n\t\t","protected":false},"excerpt":{"rendered":"<p>Impressum V. i. S. d. P.&nbsp; Gunther Geiler | c\/o Deutscher Mieterbund N\u00fcrnberg und Umgebung e.V.Katholischer Kirchplatz 1091054 Erlangen buergerbegehren@wohnraum-erhalten.de Name und Anschrift der Tr\u00e4gerin:&nbsp;B\u00fcrgerbegehren Wohnraum in Hindenburgstar\u00dfe und Umgebung erhalten Katholischer Kirchplatz 1091054 Erlangen Als VertreterInnen gem\u00e4\u00df Art. 18a Abs.4 BayGO werden benannt:&nbsp; 1. Monika Fath-Kelling2. Gunther Geiler3. Lukas Eitel Als StellvertreterInnen werden benannt:&nbsp; [&hellip;]<\/p>\n","protected":false},"author":2,"featured_media":0,"parent":0,"menu_order":0,"comment_status":"closed","ping_status":"closed","template":"","meta":{"ocean_post_layout":"full-screen","ocean_both_sidebars_style":"","ocean_both_sidebars_content_width":0,"ocean_both_sidebars_sidebars_width":0,"ocean_sidebar":"0","ocean_second_sidebar":"0","ocean_disable_margins":"on","ocean_add_body_class":"","ocean_shortcode_before_top_bar":"","ocean_shortcode_after_top_bar":"","ocean_shortcode_before_header":"","ocean_shortcode_after_header":"","ocean_has_shortcode":"","ocean_shortcode_after_title":"","ocean_shortcode_before_footer_widgets":"","ocean_shortcode_after_footer_widgets":"","ocean_shortcode_before_footer_bottom":"","ocean_shortcode_after_footer_bottom":"","ocean_display_top_bar":"off","ocean_display_header":"on","ocean_header_style":"minimal","ocean_center_header_left_menu":"0","ocean_custom_header_template":"0","ocean_custom_logo":0,"ocean_custom_retina_logo":0,"ocean_custom_logo_max_width":0,"ocean_custom_logo_tablet_max_width":0,"ocean_custom_logo_mobile_max_width":0,"ocean_custom_logo_max_height":0,"ocean_custom_logo_tablet_max_height":0,"ocean_custom_logo_mobile_max_height":0,"ocean_header_custom_menu":"4","ocean_menu_typo_font_family":"0","ocean_menu_typo_font_subset":"","ocean_menu_typo_font_size":0,"ocean_menu_typo_font_size_tablet":0,"ocean_menu_typo_font_size_mobile":0,"ocean_menu_typo_font_size_unit":"px","ocean_menu_typo_font_weight":"","ocean_menu_typo_font_weight_tablet":"","ocean_menu_typo_font_weight_mobile":"","ocean_menu_typo_transform":"","ocean_menu_typo_transform_tablet":"","ocean_menu_typo_transform_mobile":"","ocean_menu_typo_line_height":0,"ocean_menu_typo_line_height_tablet":0,"ocean_menu_typo_line_height_mobile":0,"ocean_menu_typo_line_height_unit":"","ocean_menu_typo_spacing":0,"ocean_menu_typo_spacing_tablet":0,"ocean_menu_typo_spacing_mobile":0,"ocean_menu_typo_spacing_unit":"","ocean_menu_link_color":"","ocean_menu_link_color_hover":"","ocean_menu_link_color_active":"","ocean_menu_link_background":"","ocean_menu_link_hover_background":"","ocean_menu_link_active_background":"","ocean_menu_social_links_bg":"","ocean_menu_social_hover_links_bg":"","ocean_menu_social_links_color":"","ocean_menu_social_hover_links_color":"","ocean_disable_title":"on","ocean_disable_heading":"default","ocean_post_title":"","ocean_post_subheading":"","ocean_post_title_style":"","ocean_post_title_background_color":"","ocean_post_title_background":0,"ocean_post_title_bg_image_position":"","ocean_post_title_bg_image_attachment":"","ocean_post_title_bg_image_repeat":"","ocean_post_title_bg_image_size":"","ocean_post_title_height":0,"ocean_post_title_bg_overlay":0.5,"ocean_post_title_bg_overlay_color":"","ocean_disable_breadcrumbs":"default","ocean_breadcrumbs_color":"","ocean_breadcrumbs_separator_color":"","ocean_breadcrumbs_links_color":"","ocean_breadcrumbs_links_hover_color":"","ocean_display_footer_widgets":"default","ocean_display_footer_bottom":"default","ocean_custom_footer_template":"0","footnotes":""},"class_list":["post-334","page","type-page","status-publish","hentry","entry"],"yoast_head":"<!-- This site is optimized with the Yoast SEO plugin v25.6 - https:\/\/yoast.com\/wordpress\/plugins\/seo\/ -->\n<title>Impressum - B\u00fcrgerbegehren Wohnraum erhalten<\/title>\n<meta name=\"robots\" content=\"index, follow, max-snippet:-1, max-image-preview:large, max-video-preview:-1\" \/>\n<link rel=\"canonical\" href=\"https:\/\/wohnraum-erhalten.de\/?page_id=334\" \/>\n<meta property=\"og:locale\" content=\"de_DE\" \/>\n<meta property=\"og:type\" content=\"article\" \/>\n<meta property=\"og:title\" content=\"Impressum - B\u00fcrgerbegehren Wohnraum erhalten\" \/>\n<meta property=\"og:description\" content=\"Impressum V. i. S. d. P.&nbsp; Gunther Geiler | c\/o Deutscher Mieterbund N\u00fcrnberg und Umgebung e.V.Katholischer Kirchplatz 1091054 Erlangen buergerbegehren@wohnraum-erhalten.de Name und Anschrift der Tr\u00e4gerin:&nbsp;B\u00fcrgerbegehren Wohnraum in Hindenburgstar\u00dfe und Umgebung erhalten Katholischer Kirchplatz 1091054 Erlangen Als VertreterInnen gem\u00e4\u00df Art. 18a Abs.4 BayGO werden benannt:&nbsp; 1. Monika Fath-Kelling2. Gunther Geiler3. Lukas Eitel Als StellvertreterInnen werden benannt:&nbsp; [&hellip;]\" \/>\n<meta property=\"og:url\" content=\"https:\/\/wohnraum-erhalten.de\/?page_id=334\" \/>\n<meta property=\"og:site_name\" content=\"B\u00fcrgerbegehren Wohnraum erhalten\" \/>\n<meta property=\"article:publisher\" content=\"https:\/\/www.facebook.com\/365VAG\/\" \/>\n<meta property=\"article:modified_time\" content=\"2023-10-02T18:50:19+00:00\" \/>\n<meta name=\"twitter:card\" content=\"summary_large_image\" \/>\n<meta name=\"twitter:label1\" content=\"Gesch\u00e4tzte Lesezeit\" \/>\n\t<meta name=\"twitter:data1\" content=\"1 Minute\" \/>\n<script type=\"application\/ld+json\" class=\"yoast-schema-graph\">{\"@context\":\"https:\/\/schema.org\",\"@graph\":[{\"@type\":\"WebPage\",\"@id\":\"https:\/\/wohnraum-erhalten.de\/?page_id=334\",\"url\":\"https:\/\/wohnraum-erhalten.de\/?page_id=334\",\"name\":\"Impressum - B\u00fcrgerbegehren Wohnraum erhalten\",\"isPartOf\":{\"@id\":\"https:\/\/wohnraumerhalten.de\/#website\"},\"datePublished\":\"2019-10-15T18:19:33+00:00\",\"dateModified\":\"2023-10-02T18:50:19+00:00\",\"breadcrumb\":{\"@id\":\"https:\/\/wohnraum-erhalten.de\/?page_id=334#breadcrumb\"},\"inLanguage\":\"de-DE\",\"potentialAction\":[{\"@type\":\"ReadAction\",\"target\":[\"https:\/\/wohnraum-erhalten.de\/?page_id=334\"]}]},{\"@type\":\"BreadcrumbList\",\"@id\":\"https:\/\/wohnraum-erhalten.de\/?page_id=334#breadcrumb\",\"itemListElement\":[{\"@type\":\"ListItem\",\"position\":1,\"name\":\"Startseite\",\"item\":\"https:\/\/wohnraum-erhalten.de\/\"},{\"@type\":\"ListItem\",\"position\":2,\"name\":\"Impressum\"}]},{\"@type\":\"WebSite\",\"@id\":\"https:\/\/wohnraumerhalten.de\/#website\",\"url\":\"https:\/\/wohnraumerhalten.de\/\",\"name\":\"B\u00fcrgerbegehren 365\u20ac-Ticket\",\"description\":\"\",\"publisher\":{\"@id\":\"https:\/\/wohnraumerhalten.de\/#organization\"},\"potentialAction\":[{\"@type\":\"SearchAction\",\"target\":{\"@type\":\"EntryPoint\",\"urlTemplate\":\"https:\/\/wohnraumerhalten.de\/?s={search_term_string}\"},\"query-input\":{\"@type\":\"PropertyValueSpecification\",\"valueRequired\":true,\"valueName\":\"search_term_string\"}}],\"inLanguage\":\"de-DE\"},{\"@type\":\"Organization\",\"@id\":\"https:\/\/wohnraumerhalten.de\/#organization\",\"name\":\"B\u00fcrgerbegehren 365\u20ac-Ticket\",\"url\":\"https:\/\/wohnraumerhalten.de\/\",\"logo\":{\"@type\":\"ImageObject\",\"inLanguage\":\"de-DE\",\"@id\":\"https:\/\/wohnraumerhalten.de\/#\/schema\/logo\/image\/\",\"url\":\"http:\/\/wordpress.p650298.webspaceconfig.de\/wp-content\/uploads\/2019\/10\/logo.png\",\"contentUrl\":\"http:\/\/wordpress.p650298.webspaceconfig.de\/wp-content\/uploads\/2019\/10\/logo.png\",\"width\":1200,\"height\":1200,\"caption\":\"B\u00fcrgerbegehren 365\u20ac-Ticket\"},\"image\":{\"@id\":\"https:\/\/wohnraumerhalten.de\/#\/schema\/logo\/image\/\"},\"sameAs\":[\"https:\/\/www.facebook.com\/365VAG\/\",\"https:\/\/www.instagram.com\/365vag\/\"]}]}<\/script>\n<!-- \/ Yoast SEO plugin. -->","yoast_head_json":{"title":"Impressum - B\u00fcrgerbegehren Wohnraum erhalten","robots":{"index":"index","follow":"follow","max-snippet":"max-snippet:-1","max-image-preview":"max-image-preview:large","max-video-preview":"max-video-preview:-1"},"canonical":"https:\/\/wohnraum-erhalten.de\/?page_id=334","og_locale":"de_DE","og_type":"article","og_title":"Impressum - B\u00fcrgerbegehren Wohnraum erhalten","og_description":"Impressum V. i. S. d. P.&nbsp; Gunther Geiler | c\/o Deutscher Mieterbund N\u00fcrnberg und Umgebung e.V.Katholischer Kirchplatz 1091054 Erlangen buergerbegehren@wohnraum-erhalten.de Name und Anschrift der Tr\u00e4gerin:&nbsp;B\u00fcrgerbegehren Wohnraum in Hindenburgstar\u00dfe und Umgebung erhalten Katholischer Kirchplatz 1091054 Erlangen Als VertreterInnen gem\u00e4\u00df Art. 18a Abs.4 BayGO werden benannt:&nbsp; 1. Monika Fath-Kelling2. Gunther Geiler3. Lukas Eitel Als StellvertreterInnen werden benannt:&nbsp; [&hellip;]","og_url":"https:\/\/wohnraum-erhalten.de\/?page_id=334","og_site_name":"B\u00fcrgerbegehren Wohnraum erhalten","article_publisher":"https:\/\/www.facebook.com\/365VAG\/","article_modified_time":"2023-10-02T18:50:19+00:00","twitter_card":"summary_large_image","twitter_misc":{"Gesch\u00e4tzte Lesezeit":"1 Minute"},"schema":{"@context":"https:\/\/schema.org","@graph":[{"@type":"WebPage","@id":"https:\/\/wohnraum-erhalten.de\/?page_id=334","url":"https:\/\/wohnraum-erhalten.de\/?page_id=334","name":"Impressum - B\u00fcrgerbegehren Wohnraum erhalten","isPartOf":{"@id":"https:\/\/wohnraumerhalten.de\/#website"},"datePublished":"2019-10-15T18:19:33+00:00","dateModified":"2023-10-02T18:50:19+00:00","breadcrumb":{"@id":"https:\/\/wohnraum-erhalten.de\/?page_id=334#breadcrumb"},"inLanguage":"de-DE","potentialAction":[{"@type":"ReadAction","target":["https:\/\/wohnraum-erhalten.de\/?page_id=334"]}]},{"@type":"BreadcrumbList","@id":"https:\/\/wohnraum-erhalten.de\/?page_id=334#breadcrumb","itemListElement":[{"@type":"ListItem","position":1,"name":"Startseite","item":"https:\/\/wohnraum-erhalten.de\/"},{"@type":"ListItem","position":2,"name":"Impressum"}]},{"@type":"WebSite","@id":"https:\/\/wohnraumerhalten.de\/#website","url":"https:\/\/wohnraumerhalten.de\/","name":"B\u00fcrgerbegehren 365\u20ac-Ticket","description":"","publisher":{"@id":"https:\/\/wohnraumerhalten.de\/#organization"},"potentialAction":[{"@type":"SearchAction","target":{"@type":"EntryPoint","urlTemplate":"https:\/\/wohnraumerhalten.de\/?s={search_term_string}"},"query-input":{"@type":"PropertyValueSpecification","valueRequired":true,"valueName":"search_term_string"}}],"inLanguage":"de-DE"},{"@type":"Organization","@id":"https:\/\/wohnraumerhalten.de\/#organization","name":"B\u00fcrgerbegehren 365\u20ac-Ticket","url":"https:\/\/wohnraumerhalten.de\/","logo":{"@type":"ImageObject","inLanguage":"de-DE","@id":"https:\/\/wohnraumerhalten.de\/#\/schema\/logo\/image\/","url":"http:\/\/wordpress.p650298.webspaceconfig.de\/wp-content\/uploads\/2019\/10\/logo.png","contentUrl":"http:\/\/wordpress.p650298.webspaceconfig.de\/wp-content\/uploads\/2019\/10\/logo.png","width":1200,"height":1200,"caption":"B\u00fcrgerbegehren 365\u20ac-Ticket"},"image":{"@id":"https:\/\/wohnraumerhalten.de\/#\/schema\/logo\/image\/"},"sameAs":["https:\/\/www.facebook.com\/365VAG\/","https:\/\/www.instagram.com\/365vag\/"]}]}},"_links":{"self":[{"href":"https:\/\/wohnraum-erhalten.de\/index.php?rest_route=\/wp\/v2\/pages\/334"}],"collection":[{"href":"https:\/\/wohnraum-erhalten.de\/index.php?rest_route=\/wp\/v2\/pages"}],"about":[{"href":"https:\/\/wohnraum-erhalten.de\/index.php?rest_route=\/wp\/v2\/types\/page"}],"author":[{"embeddable":true,"href":"https:\/\/wohnraum-erhalten.de\/index.php?rest_route=\/wp\/v2\/users\/2"}],"replies":[{"embeddable":true,"href":"https:\/\/wohnraum-erhalten.de\/index.php?rest_route=%2Fwp%2Fv2%2Fcomments&post=334"}],"version-history":[{"count":12,"href":"https:\/\/wohnraum-erhalten.de\/index.php?rest_route=\/wp\/v2\/pages\/334\/revisions"}],"predecessor-version":[{"id":1503,"href":"https:\/\/wohnraum-erhalten.de\/index.php?rest_route=\/wp\/v2\/pages\/334\/revisions\/1503"}],"wp:attachment":[{"href":"https:\/\/wohnraum-erhalten.de\/index.php?rest_route=%2Fwp%2Fv2%2Fmedia&parent=334"}],"curies":[{"name":"wp","href":"https:\/\/api.w.org\/{rel}","templated":true}]}}